 Calculate p(-5).
39
Let p(b) = 2*b**2 + 8*b - 6. What is p(-5)?
4
Let w(n) = n**3 - 19*n**2 + 17*n + 53. Calculate w(18).
35
Let w(n) = n**2 + 29*n. Determine w(-29).
0
Let c(r) = -3*r + 1. Calculate c(-4).
13
Let l(u) = -u**2 + u. Determine l(0).
0
Let i(u) = -u - 12. Give i(-6).
-6
Let z(f) = -4*f**2 + 2*f + 2. Calculate z(-2).
-18
Let k(m) = m - 7. Calculate k(17).
10
Let m(i) = 6*i + 4. What is m(0)?
4
Let y(x) = 6*x - 1. Calculate y(-2).
-13
Let h(m) = m**3 - 11*m**2 - 14. What is h(11)?
-14
Let i(u) = -11*u + 26. Determine i(4).
-18
Let f(r) = r**3 + 9*r**2 + 7*r - 11. Give f(-8).
-3
Let h(x) = -6*x + 62. What is h(11)?
-4
Let w(g) = -19*g - 122. Calculate w(-7).
11
Let w(c) = -c**3 + 8*c**2 - 7*c - 1. Determine w(6).
29
Let g(c) = 8*c - 2. Calculate g(-8).
-66
Let b(a) = -a**3 - 14*a**2 + 3. Determine b(-14).
3
Let x(o) = o**2 - 18*o + 8. Determine x(13).
-57
Let a(g) = g**2 - 25*g + 21. Give a(24).
-3
Let b(a) = a**2 - 12*a - 57. Give b(15).
-12
Let r(v) = -v**2 - 5. Give r(-4).
-21
Let m(i) = 52*i + 5. What is m(-2)?
-99
Let t(x) = 8*x**2 - 85*x - 17. Calculate t(10).
-67
Let q(x) = x**3 + 8*x**2 - 13*x - 9. Calculate q(-9).
27
Let j(c) = -c**2 + 21*c - 88. What is j(16)?
-8
Let c(o) = -o**2 + 11*o - 25. Calculate c(10).
-15
Let i(u) = u**2 + 23*u + 78. Give i(-7).
-34
Let t(k) = k**3 - 10*k**2 + 7*k + 12. Determine t(9).
-6
Let t(u) = -u + 8. Calculate t(6).
2
Let b(m) = -6*m**2 - 86*m - 39. What is b(-14)?
-11
Let n(w) = w**3 + w**2 - 3*w - 14. Give n(0).
-14
Let o(b) = b**3 - 49*b**2 + 97*b - 147. Calculate o(47).
-6
Let y(o) = 2*o + 13. What is y(-12)?
-11
Let x(v) = 2*v**3 + 2*v**2 - 4*v + 2. Give x(2).
18
Let u(f) = -f**2 + 18*f - 51. Give u(13).
14
Let t(m) = 7*m - 19. Calculate t(8).
37
Let i(r) = -r**2 - 28*r - 56. Calculate i(-25).
19
Let s(a) = a**3 + 14*a**2 + 2*a + 21. Calculate s(-14).
-7
Let j(o) = -2*o - 7. Give j(-8).
9
Let i(a) = -2*a**3 + 13*a**2 - 8*a - 5. Determine i(7).
-110
Let q(p) = p**2 - 8*p - 3. Calculate q(3).
-18
Let r(v) = v**2 + 2*v + 1. Give r(-7).
36
Let u(h) = h**3 - 3*h**2 - 3*h - 4. Give u(4).
0
Let u(t) = -19*t + 37. Give u(3).
-20
Let c(w) = -w**2 + 23*w - 26. Calculate c(19).
50
Let k(o) = -2*o**2 + 5*o. Calculate k(-2).
-18
Let y(n) = 2*n**2 + 46*n + 49. Calculate y(-23).
49
Let h(p) = 2*p + 35. Calculate h(-20).
-5
Let k(q) = q**3 + 10*q**2 + q + 2. Determine k(-10).
-8
Let v(z) = -8*z + 1. Calculate v(2).
-15
Let s(m) = 2*m + 6. Calculate s(4).
14
Let y(u) = 7*u + 113. Calculate y(-17).
-6
Let z(i) = -i**2 - 15*i + 8. Give z(-15).
8
Let a(v) = v**2 + 7*v + 3. What is a(-6)?
-3
Let c(l) = l + 4. Determine c(8).
12
Let d(f) = -f**2 + 9*f - 11. What is d(8)?
-3
Let k(x) = -x**2 + 13*x - 19. What is k(10)?
11
Let r(z) = 6*z + 56. Determine r(-11).
-10
Let d(m) = 11*m**2 + 9*m - 9. Calculate d(2).
53
Let x(z) = z**3 + 14*z**2 - 7*z - 254. Calculate x(-13).
6
Let n(l) = -l**2 - 4*l + 1. What is n(-2)?
5
Let h(a) = -2*a - 13. Determine h(-4).
-5
Let v(o) = -o**3 + 4*o**2 + 20*o + 4. What is v(6)?
52
Let v(h) = 23*h - 2. Calculate v(-1).
-25
Let s(i) = 6*i**2 + 297*i - 140. Calculate s(-50).
10
Let j(m) = 3*m**2 + 2*m - 6. Calculate j(-4).
34
Let q(s) = -22*s**2 + s - 5. Give q(2).
-91
Let l(n) = -n**2 + 3*n + 60. What is l(-6)?
6
Let c(k) = -k**3 - 10*k**2 - 7*k + 15. Give c(-9).
-3
Let a(j) = -4*j**2 + 19*j - 40. Calculate a(2).
-18
Let u(w) = -w**3 - 11*w**2 + 2*w + 4. Determine u(-11).
-18
Let o(h) = -h**3 + 5*h**2 - 8*h + 20. Give o(4).
4
Let j(d) = d**3 - 10*d**2 + 21*d + 5. Give j(7).
5
Let g(t) = -t**2. Calculate g(-4).
-16
Let w(d) = -d**2 - 3*d - 3. Calculate w(-3).
-3
Let f(c) = c - 37. What is f(-8)?
-45
Let m(d) = d**3 + 8*d**2 + 14*d - 17. Determine m(-5).
-12
Let f(h) = 18*h - 12. What is f(3)?
42
Let o(b) = -18*b + 210. Determine o(12).
-6
Let u(g) = -2*g - 26. Give u(-13).
0
Let j(a) = -a**3 + 8*a - 1. What is j(3)?
-4
Let d(p) = p**3 - 3*p**2 - 14*p + 10. Give d(5).
-10
Let a(p) = p**2 - 3*p - 14. Give a(5).
-4
Let k(l) = -11*l - 25. Calculate k(-9).
74
Let k(v) = -v - 12. What is k(-3)?
-9
Let a(r) = r**3 + r**2 + 2*r + 3. What is a(-2)?
-5
Let p(v) = 20*v + 243. What is p(-12)?
3
Let g(v) = -v**3 - 6*v**2 + 5*v - 22. Give g(-7).
-8
Let t(k) = -2*k**2 - 42*k - 39. Give t(-20).
1
Let u(h) = -2*h**2 - 55*h - 16. Give u(-27).
11
Let j(b) = b - 2. What is j(-4)?
-6
Let t(b) = b**3 - 7*b**2 + 12*b - 8. Determine t(3).
-8
Let p(j) = -j**3 + 6*j**2 + 40*j - 5. Calculate p(10).
-5
Let f(d) = d**3 - 12*d**2 - 11*d - 3. What is f(13)?
23
Let q(i) = -i**3 - i**2 - i + 2. Calculate q(1).
-1
Let i(o) = 3*o**2 + 9*o. What is i(-3)?
0
Let j(v) = v**2 - 1. Calculate j(-5).
24
Let m(i) = -6*i + 86. Determine m(14).
2
Let n(c) = -4*c + 12. Give n(-5).
32
Let n(f) = 3*f**2 - 15*f - 10. What is n(7)?
32
Let l(j) = -j**2 - 3*j + 18. Calculate l(0).
18
Let w(u) = 5*u - 3. Calculate w(2).
7
Let g(x) = x**2 - 8*x - 8. Determine g(12).
40
Let s(n) = n**2 - 2*n - 6. Calculate s(0).
-6
Let y(f) = -4*f - 66. What is y(-19)?
10
Let b(y) = -y**2 + 22*y + 195. What is b(29)?
-8
Let d(y) = 2*y**2 - 5*y - 10. Give d(-4).
42
Let u(c) = -c + 32. What is u(17)?
15
Let k(r) = -20*r + 74. What is k(4)?
-6
Let l(b) = -2*b**2 - 4*b + 1. Calculate l(-3).
-5
Let j(i) = -4*i**2 - 20*i - 19. Give j(-3).
5
Let a(r) = r**2 - 13*r + 30. What is a(11)?
8
Let r(w) = 5*w**2 + w - 2. Calculate r(1).
4
Let j(k) = -k**3 + 13*k**2 - 22*k - 5. What is j(11)?
-5
Let b(r) = r**2 + 6*r - 2. Give b(-5).
-7
Let d(g) = g**2 - 17*g + 8. Give d(16).
-8
Let w(n) = n**3 - 8*n**2 + 4*n - 2. Calculate w(5).
-57
Let m(j) = -13*j + 18. Give m(2).
-8
Let f(t) = -23*t + 1. Give f(-1).
24
Let h(d) = -d**2 - 4*d + 7. What is h(-6)?
-5
Let b(v) = 2*v**2 - 54*v + 310. Determine b(19).
6
Let l(s) = 35*s - 138. Determine l(4).
2
Let t(s) = s**2 - 21*s + 7. What is t(21)?
7
Let b(h) = -h**3 + 8*h**2 - 4*h - 20. Determine b(7).
1
Let a(v) = -8*v**2 - 62*v + 16. Determine a(-8).
0
Let y(f) = 2*f**2 + 13*f + 16. Give y(-4).
-4
Let n(p) = 77*p + 227. Calculate n(-3).
-4
Let t(p) = 2*p + 30. Determine t(-10).
10
Let d(q) = -7*q - 1. What is d(-8)?
55
Let x(w) = 10*w - 127. Give x(13).
3
Let k(s) = -s**3 - 9*s**2 - 7*s + 8. Determine k(-8).
0
Let x(f) = -6*f**2. Give x(1).
-6
Let k(n) = n**3 - 8*n**2 - 45*n - 10. Give k(12).
26
Let t(j) = 5*j + 37. Give t(-15).
-38
Let x(o) = -72*o + 5. Give x(2).
-139
Let g(w) = 4*w**2 - 33*w + 10. Give g(7).
-25
Let t(q) = q**3 + 8*q**2 + 9*q - 18. Determine t(-6).
0
Let x(d) = 2*d**3 + 3*d**2 - d - 4. Determine x(-2).
-6
Let y(q) = -4*q + 22. Determine y(17).
-46
Let g(n) = -7*n - 11. What is g(-1)?
-4
Let y(i) = -i**3 - 14*i**2 + i + 8. Calculate y(-14).
-6
Let w(c) = -14*c - 11. Determine w(-4).
45
Let z(l) = l**2 + 6*l - 9. Determine z(-6).
-9
Let r(w) = w**2 - 20*w + 2. Calculate r(19).
-17
Let t(z) = 9*z. Determine t(-5).
-45
Let l(j) = -j**2 + j + 14. Give l(10).
-76
Let q(f) = -f**3 + 34*f**2 - 2*f + 67. What is q(34)?
-1
Let k(g) = -3*g + 6. Determine k(-5).
21
Let a(i) = 2*i**2 - 40*i + 15. Give a(21).
57
Let v(s) = -2*s**3 + 30*s**2 + 10. Calculate v(15).
10
Let c(o) = -19*o + 651. Calculate c(34).
5
Let w(u) = -7*u - 35. Give w(-6).
7
Let d(p) = 2*p + 22. Determine d(-16).
-10
Let w(f) = 2*f**2 - 28*f - 72. Give w(17).
30
Let d(i) = i**3 + 10*i**2 - 4*i - 22. Determine d(-10).
18
Let n(h) = h**3 + 13*h**2 - 2*h - 11. Determine n(-13).
15
Let g(x) = x**2 - 25*x - 121. Calculate g(29).
-5
Let w(k) = 7*k + 10. Calculate w(-4).
-18
Let s(d) = -2*d + 4. Give s(0).
4
Let g(h) = -h**3 + 14*h**2 - 14*h - 41. Calculate g(12).
79
Let i(y) = -y**2 + 16*y + 53. Determine i(22).
-79
Let q(p) = p**3 + 7*p**2 + 4*p - 2. Calculate q(-6).
10
Let r(y) = 3*y + 16. Calculate r(-5).
1
Let m(q) = -q**2 - 5*q - 17. What is m(-4)?
-13
Let n(s) = 3*s - 18. Give n(18).
36
Let i(n) = -6*n - 7. Give i(-4).
17
Let m(l) = -6*l + 68. Determine m(13).
-10
Let d(h) = -6*h**3 - h**2 - h - 1. Calculate d(-1).
5
Let x(r) = 2*r**3 + 11*r**2 + 7*r + 13. Give x(-5).
3
Let s(x) = -x**3 - 8*x**2 - 13*x - 16. Determine s(-6).
-10
Let l(a) = 6*a - 105. Give l(24).
39
Let p(o) = -o**3 + 8*o**2 - o - 33. Calculate p(7).
9
Let f(g) = g**2 - 18*g + 2. What is f(18)?
2
Let q(m) = 4*m - 30. Give q(9).
6
Let h(a) = -13*a + 257. Give h(20).
-3
Let j(r) = 2*r + 